at is 1 + -12221331231033?
-12221331231032
In base 12, what is 33815a2 + -22?
3381580
In base 11, what is -5 - -1141651?
1141647
In base 8, what is 1 + 6602642?
6602643
In base 9, what is -42181600 - 6?
-42181606
In base 15, what is -15 - 7c09d?
-7c0b3
In base 16, what is -3 + -333215?
-333218
In base 9, what is -3 + -15276876?
-15276880
In base 16, what is fb65 + 155?
fcba
In base 4, what is -20003021333 + 1?
-20003021332
In base 14, what is -1bd4 - 2850?
-4644
In base 16, what is 24 - -188833?
188857
In base 16, what is 172416 - -34?
17244a
In base 16, what is 24a3734 + -2?
24a3732
In base 4, what is -11303131003103 - 1?
-11303131003110
In base 4, what is -23 - 2201010311032?
-2201010311121
In base 16, what is 7 - -13185?
1318c
In base 2, what is 101 + -11110001101001011100?
-11110001101001010111
In base 3, what is 1201022222 - -210112112?
2111212111
In base 8, what is 210 + 2501464?
2501674
In base 11, what is -8881 - 3022?
-108a3
In base 7, what is 66215430 - -3?
66215433
In base 14, what is 1 + 2024dad?
2024db0
In base 11, what is -240a85 + 51?
-240a34
In base 6, what is 223420 - 13311?
210105
In base 16, what is -72504 + -3?
-72507
In base 4, what is 2111010131101 - 1?
2111010131100
In base 11, what is 1 + -46a419a?
-46a4199
In base 3, what is -2221020212201 - 22?
-2221020220000
In base 10, what is 44058228 + -8?
44058220
In base 4, what is -1323232310 - -110?
-1323232200
In base 13, what is -59ab61 - -19?
-59ab45
In base 14, what is daba2 - -a1?
dac63
In base 3, what is -1021012111 + -2211220?
-1101001101
In base 13, what is 7a + -42536?
-42489
In base 8, what is 44014 - -67634?
133650
In base 3, what is -1201 + -101002011022212?
-101002011101120
In base 8, what is 1001211 - -3421?
1004632
In base 3, what is 1020 - 112012220120100?
-112012220112010
In base 6, what is 400223101 - 12?
400223045
In base 6, what is -1 + 11245002045?
11245002044
In base 2, what is -11111 + -111110001101101100111?
-111110001101110000110
In base 15, what is 26b426 - 1?
26b425
In base 8, what is 407035731 + -4?
407035725
In base 14, what is -269319a6 - -3?
-269319a3
In base 8, what is 54 + 34521737?
34522013
In base 16, what is 177e70 - 4?
177e6c
In base 8, what is -5016 + 2634?
-2162
In base 6, what is -2 - 3332533222?
-3332533224
In base 9, what is -115313 - -1032?
-114271
In base 16, what is 22cbe + -2a?
22c94
In base 9, what is -6454 + 2647?
-3706
In base 4, what is 30 - -110201211033?
110201211123
In base 12, what is 18160 - 16095?
2087
In base 15, what is 26 - 41b36?
-41b10
In base 14, what is -44c3c5d + 5?
-44c3c58
In base 14, what is -1c7d70 + 1d?
-1c7d51
In base 12, what is -1a461694 - 2?
-1a461696
In base 8, what is 2756 - 237311?
-234333
In base 10, what is -1138343 + 12?
-1138331
In base 2, what is 1010011000101 + 1111111000100100?
10001001011101001
In base 10, what is -3 - 2053245?
-2053248
In base 13, what is 121305 - 3?
121302
In base 3, what is -120020112120 + -12?
-120020112202
In base 6, what is -101 - -325221005?
325220504
In base 12, what is -280145 + -137?
-280280
In base 12, what is 18982a + 17?
189845
In base 11, what is -1397974a + -1?
-13979750
In base 12, what is 3 - -21935450?
21935453
In base 6, what is -25140250102 - -4?
-25140250054
In base 13, what is 90678 + 5b?
90706
In base 15, what is b + -113d3d?
-113d32
In base 5, what is 122123330 - -14?
122123344
In base 2, what is 11 - -1111100010111101010010011000?
1111100010111101010010011011
In base 6, what is 24231344 - 14?
24231330
In base 13, what is 4c27800 - -4?
4c27804
In base 2, what is 10 + -1000000101010101100001101010?
-1000000101010101100001101000
In base 7, what is 133534 + 60410?
224244
In base 11, what is 736 + -1593?
-958
In base 16, what is -4 - cc71ad?
-cc71b1
In base 5, what is 311 - 3224232?
-3223421
In base 16, what is 0 + 82f3b3c?
82f3b3c
In base 10, what is -3 + -24669470?
-24669473
In base 12, what is -5627a - -2158?
-54122
In base 13, what is 783b - 1b0?
765b
In base 7, what is 23561435 + -44?
23561361
In base 10, what is -49 - 59555?
-59604
In base 16, what is -14732f4 + -4?
-14732f8
In base 11, what is 3 - 1858999?
-1858996
In base 13, what is -1ab89 + 32?
-1ab57
In base 8, what is 13522 + -144111?
-130367
In base 4, what is 1031 + -1213101311?
-1213100220
In base 8, what is -243666067 - 5?
-243666074
In base 10, what is 15 + 12698440?
12698455
In base 12, what is 1971260 + 23?
1971283
In base 12, what is -2 + -16957553?
-16957555
In base 11, what is 204 + 3a1974?
3a2078
In base 2, what is -110001110 - -111001010101?
110011000111
In base 13, what is -c - -1053627?
1053618
In base 14, what is 73d3d2 - 7?
73d3c9
In base 16, what is -251 + -438?
-689
In base 7, what is 4561 - -356?
5250
In base 11, what is 82028aa - 1?
82028a9
In base 16, what is -702130 - a?
-70213a
In base 4, what is -10 + 1301012111?
1301012101
In base 7, what is -33624 + -461?
-34415
In base 13, what is 11 + 15516ab?
15516bc
In base 7, what is -104 + -1025331?
-1025435
In base 7, what is 240152 + 25343?
265525
In base 12, what is 3109 - -116?
3223
In base 14, what is -c - 1491a16?
-1491a24
In base 15, what is -2c4278 - 5?
-2c427d
In base 2, what is 10000100110000 - -1101010011000?
11101111001000
In base 9, what is -32532213 - 0?
-32532213
In base 3, what is 22021112001000 - 1?
22021112000222
In base 14, what is -5 + 61760?
61759
In base 11, what is 51 + 24a?
2a0
In base 15, what is -847 - -1340?
9e8
In base 6, what is -123511152244 + 3?
-123511152241
In base 2, what is 10011111001 + 101011001110010010?
101011100010001011
In base 8, what is 1244 - 1373450?
-1372204
In base 14, what is -a5c - -53b2?
4754
In base 12, what is 152 + b0a77?
b1009
In base 6, what is 145023 - -105143?
254210
In base 10, what is -389 + 1020073?
1019684
In base 2, what is -1010101 + 10010001001110?
10001111111001
In base 6, what is 131551 + -10033?
121514
In base 6, what is 10110 - 102454?
-52344
In base 16, what is 432761 + 2?
432763
In base 12, what is 52379 - -5?
52382
In base 6, what is -345120241 + -42?
-345120323
In base 13, what is 26b1024 + 0?
26b1024
In base 15, what is -127d140a + 0?
-127d140a
In base 2, what is -100101001101001100 - -1101001?
-100101001011100011
In base 14, what is 11189 - 291?
10cd8
In base 3, what is -2200210121110 - -11010?
-2200210110100
In base 9, what is -2637168 + 30?
-2637138
In base 14, what is -4801982 - -4?
-480197c
In base 5, what is -14023 - 103022?
-122100
In base 16, what is f4 + -12e?
-3a
In base 8, what is -3071 - 7207?
-12300
In base 8, what is 37302363 - 62?
37302301
In base 2, what is -11100101 - 101011100111111001?
-101011101011011110
In base 8, what is 331 - 22744?
-22413
In base 10, what is 450 + -246314?
-245864
In base 16, what is 1cb06 + 9?
1cb0f
In base 10, what is 3 - 114475434?
-114475431
In base 14, what is 251d - -701?
2c20
In base 9, what is -1 - 46271750?
-46271751
In base 7, what is 110253 + -1242?
106011
In base 16, what is 3 + 7f05ea?
7f05ed
In base 7, what is -5200 + 453?
-4414
In base 4, what is -201221221030 + 3?
-201221221021
In base 14, what is 14c - 10d8b1?
-10d763
In base 10, what is 70502 + -5844?
64658
In base 4, what is -110123 + -20201?
-130330
In base 10, what is 5518796 - -5?
5518801
In base 13, what is -3b2 + -10a82b?
-10ac10
In base 8, what is -144763 + 15?
-144746
In base 10, what is -86885 + -24?
-86909
In base 7, what is 222041 + 15043?
240114
In base 2, what is -10011 - 100001010011111111001?
-100001010100000001100
In base 15, what is -19ae2c - 2?
-19ae2e
In base 2, what is 101111110010111101011 + -11110?
101111110010111001101
In base 10, what is -3 + 2906770?
2906767
In base 8, what is 13477476 - -4?
13477502
In base 15, what is -2ec - 250a?
-2807
In base 15, what is -33e3c3 - 0?
-33e3c3
In base 10, what is 12149107 - 7?
12149100
In base 16, what is 52f - 19835?
-19306
In base 2, what is -100 - -1010000001111000111100?
1010000001111000111000
In base 15, what is 30 + 2015063?
2015093
In base 8, what is 765541 - 0?
765541
In base 12, what is 141a46 + -19?
141a29
In base 10, what is -4 + 90257329?
90257325
In base 16, what is 1e48809 - 8?
1e48801
In base 5, what is -112140 + -1110410?
-1223100
In base 10, what is 335 + -394132?
-393797
In base 2, what is -111110001010000111010 - 1101?
-111110001010001000111
In base 7, what is 5163304 